Last updated on 2020-08-19 01:49:57 CEST.
Flavor | Version | Tinstall | Tcheck | Ttotal | Status | Flags |
---|---|---|---|---|---|---|
r-devel-linux-x86_64-debian-clang | 0.1.1 | 2.51 | 32.17 | 34.68 | NOTE | |
r-devel-linux-x86_64-debian-gcc | 0.1.1 | 1.83 | 25.54 | 27.37 | NOTE | |
r-devel-linux-x86_64-fedora-clang | 0.1.1 | 50.44 | NOTE | |||
r-devel-linux-x86_64-fedora-gcc | 0.1.1 | 40.94 | NOTE | |||
r-devel-windows-ix86+x86_64 | 0.1.1 | 8.00 | 45.00 | 53.00 | NOTE | |
r-patched-linux-x86_64 | 0.1.1 | 1.86 | 32.02 | 33.88 | NOTE | |
r-patched-solaris-x86 | 0.1.1 | 65.70 | NOTE | |||
r-release-linux-x86_64 | 0.1.1 | 2.63 | 32.17 | 34.80 | NOTE | |
r-release-macos-x86_64 | 0.1.1 | OK | ||||
r-release-windows-ix86+x86_64 | 0.1.1 | 8.00 | 40.00 | 48.00 | NOTE | |
r-oldrel-macos-x86_64 | 0.1.1 | OK | ||||
r-oldrel-windows-ix86+x86_64 | 0.1.1 | 4.00 | 48.00 | 52.00 | OK |
Version: 0.1.1
Check: package vignettes
Result: NOTE
Package vignette with placeholder title 'Vignette Title':
'documenter.Rmd'
Flavors: r-devel-linux-x86_64-debian-clang, r-devel-linux-x86_64-debian-gcc, r-devel-windows-ix86+x86_64, r-patched-linux-x86_64, r-release-linux-x86_64, r-release-windows-ix86+x86_64
Version: 0.1.1
Check: for non-standard things in the check directory
Result: NOTE
Found the following files/directories:
'annotation_file.yml'
Flavors: r-devel-linux-x86_64-debian-clang, r-devel-linux-x86_64-debian-gcc, r-devel-linux-x86_64-fedora-clang, r-devel-linux-x86_64-fedora-gcc, r-patched-linux-x86_64, r-patched-solaris-x86, r-release-linux-x86_64