Last updated on 2020-08-19 01:49:57 CEST.
Flavor | Version | Tinstall | Tcheck | Ttotal | Status | Flags |
---|---|---|---|---|---|---|
r-devel-linux-x86_64-debian-clang | 1.0.0 | 110.73 | 62.12 | 172.85 | NOTE | |
r-devel-linux-x86_64-debian-gcc | 1.0.0 | 84.33 | 48.60 | 132.93 | NOTE | |
r-devel-linux-x86_64-fedora-clang | 1.0.0 | 263.73 | NOTE | |||
r-devel-linux-x86_64-fedora-gcc | 1.0.0 | 221.39 | NOTE | |||
r-devel-windows-ix86+x86_64 | 1.0.0 | 307.00 | 111.00 | 418.00 | NOTE | |
r-patched-linux-x86_64 | 1.0.0 | 89.64 | 60.40 | 150.04 | NOTE | |
r-patched-solaris-x86 | 1.0.0 | 238.30 | NOTE | |||
r-release-linux-x86_64 | 1.0.0 | 84.89 | 60.92 | 145.81 | NOTE | |
r-release-macos-x86_64 | 1.0.0 | NOTE | ||||
r-release-windows-ix86+x86_64 | 1.0.0 | 303.00 | 100.00 | 403.00 | NOTE | |
r-oldrel-macos-x86_64 | 1.0.0 | NOTE | ||||
r-oldrel-windows-ix86+x86_64 | 1.0.0 | 247.00 | 133.00 | 380.00 | NOTE |
Version: 1.0.0
Check: for GNU extensions in Makefiles
Result: NOTE
GNU make is a SystemRequirements.
Flavors: r-devel-linux-x86_64-debian-clang, r-devel-linux-x86_64-debian-gcc, r-devel-linux-x86_64-fedora-clang, r-devel-linux-x86_64-fedora-gcc, r-devel-windows-ix86+x86_64, r-patched-linux-x86_64, r-patched-solaris-x86, r-release-linux-x86_64, r-release-macos-x86_64, r-release-windows-ix86+x86_64, r-oldrel-macos-x86_64, r-oldrel-windows-ix86+x86_64
Version: 1.0.0
Check: installed package size
Result: NOTE
installed size is 6.9Mb
sub-directories of 1Mb or more:
libs 6.8Mb
Flavors: r-devel-linux-x86_64-fedora-clang, r-release-macos-x86_64, r-oldrel-macos-x86_64