Last updated on 2020-08-19 01:49:58 CEST.
Flavor | Version | Tinstall | Tcheck | Ttotal | Status | Flags |
---|---|---|---|---|---|---|
r-devel-linux-x86_64-debian-clang | 0.9.9-11 | 12.92 | 111.27 | 124.19 | OK | |
r-devel-linux-x86_64-debian-gcc | 0.9.9-11 | 12.34 | 86.41 | 98.75 | OK | |
r-devel-linux-x86_64-fedora-clang | 0.9.9-11 | 159.23 | NOTE | |||
r-devel-linux-x86_64-fedora-gcc | 0.9.9-11 | 149.94 | OK | |||
r-devel-windows-ix86+x86_64 | 0.9.9-11 | 39.00 | 125.00 | 164.00 | OK | |
r-patched-linux-x86_64 | 0.9.9-11 | 11.80 | 110.79 | 122.59 | OK | |
r-patched-solaris-x86 | 0.9.9-11 | 229.30 | NOTE | |||
r-release-linux-x86_64 | 0.9.9-11 | 11.15 | 111.10 | 122.25 | OK | |
r-release-macos-x86_64 | 0.9.9-11 | OK | ||||
r-release-windows-ix86+x86_64 | 0.9.9-11 | 44.00 | 129.00 | 173.00 | OK | |
r-oldrel-macos-x86_64 | 0.9.9-11 | OK | ||||
r-oldrel-windows-ix86+x86_64 | 0.9.9-11 | 25.00 | 154.00 | 179.00 | OK |
Version: 0.9.9-11
Check: installed package size
Result: NOTE
installed size is 5.0Mb
sub-directories of 1Mb or more:
data 4.3Mb
Flavors: r-devel-linux-x86_64-fedora-clang, r-patched-solaris-x86