CRAN Package Check Results for Package ebreg

Last updated on 2020-08-19 01:49:57 CEST.

Flavor Version Tinstall Tcheck Ttotal Status Flags
r-devel-linux-x86_64-debian-clang 0.1.2 2.52 65.94 68.46 OK
r-devel-linux-x86_64-debian-gcc 0.1.2 1.68 45.14 46.82 OK
r-devel-linux-x86_64-fedora-clang 0.1.2 82.50 NOTE
r-devel-linux-x86_64-fedora-gcc 0.1.2 73.60 NOTE
r-devel-windows-ix86+x86_64 0.1.2 8.00 77.00 85.00 OK
r-patched-linux-x86_64 0.1.2 2.56 58.43 60.99 OK
r-patched-solaris-x86 0.1.2 130.90 NOTE
r-release-linux-x86_64 0.1.2 2.20 57.41 59.61 OK
r-release-macos-x86_64 0.1.2 NOTE
r-release-windows-ix86+x86_64 0.1.2 8.00 70.00 78.00 OK
r-oldrel-macos-x86_64 0.1.2 NOTE
r-oldrel-windows-ix86+x86_64 0.1.2 4.00 94.00 98.00 OK

Check Details

Version: 0.1.2
Check: dependencies in R code
Result: NOTE
    Namespace in Imports field not imported from: ‘Rdpack’
     All declared Imports should be used.
Flavors: r-devel-linux-x86_64-fedora-clang, r-devel-linux-x86_64-fedora-gcc, r-patched-solaris-x86, r-release-macos-x86_64, r-oldrel-macos-x86_64