CRAN Package Check Results for Package eclust

Last updated on 2020-08-19 01:49:57 CEST.

Flavor Version Tinstall Tcheck Ttotal Status Flags
r-devel-linux-x86_64-debian-clang 0.1.0 7.67 168.01 175.68 OK
r-devel-linux-x86_64-debian-gcc 0.1.0 6.29 110.36 116.65 OK
r-devel-linux-x86_64-fedora-clang 0.1.0 214.95 NOTE
r-devel-linux-x86_64-fedora-gcc 0.1.0 208.48 NOTE
r-devel-windows-ix86+x86_64 0.1.0 23.00 211.00 234.00 OK
r-patched-linux-x86_64 0.1.0 5.56 154.53 160.09 OK
r-patched-solaris-x86 0.1.0 414.90 NOTE
r-release-linux-x86_64 0.1.0 6.30 165.99 172.29 OK
r-release-macos-x86_64 0.1.0 NOTE
r-release-windows-ix86+x86_64 0.1.0 21.00 212.00 233.00 OK
r-oldrel-macos-x86_64 0.1.0 ERROR
r-oldrel-windows-ix86+x86_64 0.1.0 12.00 242.00 254.00 OK

Check Details

Version: 0.1.0
Check: dependencies in R code
Result: NOTE
    Namespace in Imports field not imported from: ‘pander’
     All declared Imports should be used.
Flavors: r-devel-linux-x86_64-fedora-clang, r-devel-linux-x86_64-fedora-gcc, r-patched-solaris-x86, r-release-macos-x86_64

Version: 0.1.0
Check: package dependencies
Result: ERROR
    Package required but not available: ‘WGCNA’
    
    See section ‘The DESCRIPTION file’ in the ‘Writing R Extensions’
    manual.
Flavor: r-oldrel-macos-x86_64