Last updated on 2020-08-19 01:49:57 CEST.
Flavor | Version | Tinstall | Tcheck | Ttotal | Status | Flags |
---|---|---|---|---|---|---|
r-devel-linux-x86_64-debian-clang | 0.8.5 | 17.60 | 103.08 | 120.68 | OK | |
r-devel-linux-x86_64-debian-gcc | 0.8.5 | 11.93 | 76.20 | 88.13 | OK | |
r-devel-linux-x86_64-fedora-clang | 0.8.5 | 146.34 | NOTE | |||
r-devel-linux-x86_64-fedora-gcc | 0.8.5 | 137.39 | OK | |||
r-devel-windows-ix86+x86_64 | 0.8.5 | 46.00 | 108.00 | 154.00 | OK | |
r-patched-linux-x86_64 | 0.8.5 | 14.72 | 100.03 | 114.75 | OK | |
r-patched-solaris-x86 | 0.8.5 | 193.30 | OK | |||
r-release-linux-x86_64 | 0.8.5 | 15.81 | 99.22 | 115.03 | OK | |
r-release-macos-x86_64 | 0.8.5 | OK | ||||
r-release-windows-ix86+x86_64 | 0.8.5 | 47.00 | 112.00 | 159.00 | OK | |
r-oldrel-macos-x86_64 | 0.8.5 | OK | ||||
r-oldrel-windows-ix86+x86_64 | 0.8.5 | 25.00 | 113.00 | 138.00 | OK |
Version: 0.8.5
Check: Rd cross-references
Result: NOTE
Undeclared package ‘magrittr’ in Rd xrefs
Flavor: r-devel-linux-x86_64-fedora-clang