CRAN Package Check Results for Package effectR

Last updated on 2020-08-19 01:49:57 CEST.

Flavor Version Tinstall Tcheck Ttotal Status Flags
r-devel-linux-x86_64-debian-clang 1.0.2 4.06 38.41 42.47 OK
r-devel-linux-x86_64-debian-gcc 1.0.2 3.11 29.84 32.95 OK
r-devel-linux-x86_64-fedora-clang 1.0.2 59.70 NOTE
r-devel-linux-x86_64-fedora-gcc 1.0.2 49.26 NOTE
r-devel-windows-ix86+x86_64 1.0.2 17.00 60.00 77.00 OK
r-patched-linux-x86_64 1.0.2 3.31 38.15 41.46 OK
r-patched-solaris-x86 1.0.2 77.20 NOTE
r-release-linux-x86_64 1.0.2 4.03 38.07 42.10 OK
r-release-macos-x86_64 1.0.2 NOTE
r-release-windows-ix86+x86_64 1.0.2 23.00 57.00 80.00 OK
r-oldrel-macos-x86_64 1.0.2 NOTE
r-oldrel-windows-ix86+x86_64 1.0.2 9.00 56.00 65.00 OK

Check Details

Version: 1.0.2
Check: dependencies in R code
Result: NOTE
    Namespace in Imports field not imported from: ‘rmarkdown’
     All declared Imports should be used.
Flavors: r-devel-linux-x86_64-fedora-clang, r-devel-linux-x86_64-fedora-gcc, r-patched-solaris-x86, r-release-macos-x86_64, r-oldrel-macos-x86_64