CRAN Package Check Results for Package electionsBR

Last updated on 2020-08-19 01:49:57 CEST.

Flavor Version Tinstall Tcheck Ttotal Status Flags
r-devel-linux-x86_64-debian-clang 0.3.1 5.05 38.64 43.69 OK
r-devel-linux-x86_64-debian-gcc 0.3.1 3.51 29.97 33.48 OK
r-devel-linux-x86_64-fedora-clang 0.3.1 59.68 NOTE
r-devel-linux-x86_64-fedora-gcc 0.3.1 50.73 NOTE
r-devel-windows-ix86+x86_64 0.3.1 22.00 53.00 75.00 OK
r-patched-linux-x86_64 0.3.1 4.26 38.48 42.74 OK
r-patched-solaris-x86 0.3.1 74.70 NOTE
r-release-linux-x86_64 0.3.1 4.95 38.17 43.12 OK
r-release-macos-x86_64 0.3.1 NOTE
r-release-windows-ix86+x86_64 0.3.1 19.00 51.00 70.00 OK
r-oldrel-macos-x86_64 0.3.1 NOTE
r-oldrel-windows-ix86+x86_64 0.3.1 9.00 54.00 63.00 OK

Check Details

Version: 0.3.1
Check: dependencies in R code
Result: NOTE
    Namespace in Imports field not imported from: ‘stats’
     All declared Imports should be used.
Flavors: r-devel-linux-x86_64-fedora-clang, r-devel-linux-x86_64-fedora-gcc, r-patched-solaris-x86, r-release-macos-x86_64, r-oldrel-macos-x86_64