Last updated on 2020-08-19 01:49:58 CEST.
Flavor | Version | Tinstall | Tcheck | Ttotal | Status | Flags |
---|---|---|---|---|---|---|
r-devel-linux-x86_64-debian-clang | 1.3.6 | 55.26 | 149.92 | 205.18 | OK | |
r-devel-linux-x86_64-debian-gcc | 1.3.6 | 39.22 | 111.99 | 151.21 | OK | |
r-devel-linux-x86_64-fedora-clang | 1.3.6 | 254.66 | OK | |||
r-devel-linux-x86_64-fedora-gcc | 1.3.6 | 246.80 | OK | |||
r-devel-windows-ix86+x86_64 | 1.3.6 | 93.00 | 132.00 | 225.00 | OK | |
r-patched-linux-x86_64 | 1.3.6 | 53.50 | 151.21 | 204.71 | OK | |
r-patched-solaris-x86 | 1.3.6 | 325.60 | OK | |||
r-release-linux-x86_64 | 1.3.6 | 54.61 | 151.91 | 206.52 | OK | |
r-release-macos-x86_64 | 1.3.6 | OK | ||||
r-release-windows-ix86+x86_64 | 1.3.6 | 111.00 | 129.00 | 240.00 | OK | |
r-oldrel-macos-x86_64 | 1.3.6 | ERROR | ||||
r-oldrel-windows-ix86+x86_64 | 1.3.6 | 62.00 | 137.00 | 199.00 | OK |
Version: 1.3.6
Check: examples
Result: ERROR
Running examples in ‘elementR-Ex.R’ failed
The error most likely occurred in:
> ### Name: elementR_project
> ### Title: Object elementR_project
> ### Aliases: elementR_project
>
> ### ** Examples
>
> ## create a new elementR_repStandard object based on the "filePath"
> ## from a folder containing sample replicate
>
> filePath <- system.file("Example_Session", package="elementR")
>
> exampleProject <- elementR_project$new(filePath)
Error in structure(.External(.C_dotTclObjv, objv), class = "tclObj") :
[tcl] invalid command name "toplevel".
Calls: <Anonymous> ... tktoplevel -> tkwidget -> tcl -> .Tcl.objv -> structure
Execution halted
Flavor: r-oldrel-macos-x86_64