CRAN Package Check Results for Package emdi

Last updated on 2020-08-19 01:49:58 CEST.

Flavor Version Tinstall Tcheck Ttotal Status Flags
r-devel-linux-x86_64-debian-clang 2.0.1 26.55 341.78 368.33 OK
r-devel-linux-x86_64-debian-gcc 2.0.1 24.75 266.73 291.48 OK
r-devel-linux-x86_64-fedora-clang 2.0.1 462.96 NOTE
r-devel-linux-x86_64-fedora-gcc 2.0.1 471.51 NOTE
r-devel-windows-ix86+x86_64 2.0.1 78.00 330.00 408.00 OK
r-patched-linux-x86_64 2.0.1 23.43 339.49 362.92 OK
r-patched-solaris-x86 2.0.1 705.00 NOTE
r-release-linux-x86_64 2.0.1 26.30 338.32 364.62 OK
r-release-macos-x86_64 2.0.1 NOTE
r-release-windows-ix86+x86_64 2.0.1 85.00 320.00 405.00 OK
r-oldrel-macos-x86_64 2.0.1 NOTE
r-oldrel-windows-ix86+x86_64 2.0.1 48.00 316.00 364.00 OK

Check Details

Version: 2.0.1
Check: dependencies in R code
Result: NOTE
    Namespaces in Imports field not imported from:
     ‘graphics’ ‘maptools’ ‘rgeos’
     All declared Imports should be used.
Flavors: r-devel-linux-x86_64-fedora-clang, r-devel-linux-x86_64-fedora-gcc, r-patched-solaris-x86, r-release-macos-x86_64, r-oldrel-macos-x86_64

Version: 2.0.1
Check: data for non-ASCII characters
Result: NOTE
     Note: found 50 marked Latin-1 strings
Flavors: r-devel-linux-x86_64-fedora-clang, r-devel-linux-x86_64-fedora-gcc, r-patched-solaris-x86, r-release-macos-x86_64, r-oldrel-macos-x86_64