Last updated on 2020-08-19 01:49:58 CEST.
Flavor | Version | Tinstall | Tcheck | Ttotal | Status | Flags |
---|---|---|---|---|---|---|
r-devel-linux-x86_64-debian-clang | 0.5.0 | 4.56 | 79.56 | 84.12 | OK | |
r-devel-linux-x86_64-debian-gcc | 0.5.0 | 3.63 | 58.65 | 62.28 | OK | |
r-devel-linux-x86_64-fedora-clang | 0.5.0 | 107.18 | OK | |||
r-devel-linux-x86_64-fedora-gcc | 0.5.0 | 96.77 | OK | |||
r-devel-windows-ix86+x86_64 | 0.5.0 | 18.00 | 111.00 | 129.00 | OK | |
r-patched-linux-x86_64 | 0.5.0 | 4.36 | 78.46 | 82.82 | OK | |
r-patched-solaris-x86 | 0.5.0 | 139.90 | NOTE | |||
r-release-linux-x86_64 | 0.5.0 | 4.60 | 78.09 | 82.69 | OK | |
r-release-macos-x86_64 | 0.5.0 | OK | ||||
r-release-windows-ix86+x86_64 | 0.5.0 | 18.00 | 114.00 | 132.00 | OK | |
r-oldrel-macos-x86_64 | 0.5.0 | OK | ||||
r-oldrel-windows-ix86+x86_64 | 0.5.0 | 12.00 | 121.00 | 133.00 | OK |
Version: 0.5.0
Check: installed package size
Result: NOTE
installed size is 5.3Mb
sub-directories of 1Mb or more:
xsd 4.1Mb
Flavor: r-patched-solaris-x86