Last updated on 2020-08-19 01:49:58 CEST.
Flavor | Version | Tinstall | Tcheck | Ttotal | Status | Flags |
---|---|---|---|---|---|---|
r-devel-linux-x86_64-debian-clang | 0.4.0 | 4.83 | 66.28 | 71.11 | OK | |
r-devel-linux-x86_64-debian-gcc | 0.4.0 | 3.70 | 52.20 | 55.90 | OK | |
r-devel-linux-x86_64-fedora-clang | 0.4.0 | 90.39 | NOTE | |||
r-devel-linux-x86_64-fedora-gcc | 0.4.0 | 80.41 | NOTE | |||
r-devel-windows-ix86+x86_64 | 0.4.0 | 17.00 | 94.00 | 111.00 | OK | |
r-patched-linux-x86_64 | 0.4.0 | 3.70 | 65.96 | 69.66 | OK | |
r-patched-solaris-x86 | 0.4.0 | 124.90 | NOTE | |||
r-release-linux-x86_64 | 0.4.0 | 3.88 | 65.47 | 69.35 | OK | |
r-release-macos-x86_64 | 0.4.0 | NOTE | ||||
r-release-windows-ix86+x86_64 | 0.4.0 | 17.00 | 96.00 | 113.00 | OK | |
r-oldrel-macos-x86_64 | 0.4.0 | NOTE | ||||
r-oldrel-windows-ix86+x86_64 | 0.4.0 | 9.00 | 100.00 | 109.00 | OK |
Version: 0.4.0
Check: package dependencies
Result: NOTE
Imports includes 22 non-default packages.
Importing from so many packages makes the package vulnerable to any of
them becoming unavailable. Move as many as possible to Suggests and
use conditionally.
Flavor: r-devel-linux-x86_64-fedora-clang
Version: 0.4.0
Check: dependencies in R code
Result: NOTE
Namespaces in Imports field not imported from:
‘readr’ ‘tidyverse’
All declared Imports should be used.
Flavors: r-devel-linux-x86_64-fedora-clang, r-devel-linux-x86_64-fedora-gcc, r-patched-solaris-x86, r-release-macos-x86_64, r-oldrel-macos-x86_64
Version: 0.4.0
Check: data for non-ASCII characters
Result: NOTE
Note: found 1 marked Latin-1 string
Note: found 721 marked UTF-8 strings
Flavors: r-devel-linux-x86_64-fedora-clang, r-devel-linux-x86_64-fedora-gcc, r-patched-solaris-x86, r-release-macos-x86_64, r-oldrel-macos-x86_64