CRAN Package Check Results for Package evgam

Last updated on 2020-08-19 01:49:58 CEST.

Flavor Version Tinstall Tcheck Ttotal Status Flags
r-devel-linux-x86_64-debian-clang 0.1.2 197.96 56.97 254.93 OK
r-devel-linux-x86_64-debian-gcc 0.1.2 152.12 44.31 196.43 OK
r-devel-linux-x86_64-fedora-clang 0.1.2 376.03 NOTE
r-devel-linux-x86_64-fedora-gcc 0.1.2 344.06 OK
r-devel-windows-ix86+x86_64 0.1.2 526.00 96.00 622.00 OK
r-patched-linux-x86_64 0.1.2 165.78 56.72 222.50 OK
r-patched-solaris-x86 0.1.2 290.70 OK
r-release-linux-x86_64 0.1.2 161.16 56.27 217.43 OK
r-release-macos-x86_64 0.1.2 NOTE
r-release-windows-ix86+x86_64 0.1.2 500.00 100.00 600.00 OK
r-oldrel-macos-x86_64 0.1.2 NOTE
r-oldrel-windows-ix86+x86_64 0.1.2 375.00 135.00 510.00 OK

Check Details

Version: 0.1.2
Check: installed package size
Result: NOTE
     installed size is 8.0Mb
     sub-directories of 1Mb or more:
     libs 7.2Mb
Flavors: r-devel-linux-x86_64-fedora-clang, r-release-macos-x86_64, r-oldrel-macos-x86_64