Last updated on 2020-08-19 01:49:58 CEST.
Flavor | Version | Tinstall | Tcheck | Ttotal | Status | Flags |
---|---|---|---|---|---|---|
r-devel-linux-x86_64-debian-clang | 0.4.1 | 37.07 | 163.80 | 200.87 | NOTE | |
r-devel-linux-x86_64-debian-gcc | 0.4.1 | 28.52 | 127.41 | 155.93 | NOTE | |
r-devel-linux-x86_64-fedora-clang | 0.4.1 | 249.83 | NOTE | |||
r-devel-linux-x86_64-fedora-gcc | 0.4.1 | 245.60 | NOTE | |||
r-devel-windows-ix86+x86_64 | 0.4.1 | 115.00 | 241.00 | 356.00 | NOTE | |
r-patched-linux-x86_64 | 0.4.1 | 30.46 | 163.92 | 194.38 | NOTE | |
r-patched-solaris-x86 | 0.4.1 | 299.10 | NOTE | |||
r-release-linux-x86_64 | 0.4.1 | 31.36 | 163.63 | 194.99 | NOTE | |
r-release-macos-x86_64 | 0.4.1 | NOTE | ||||
r-release-windows-ix86+x86_64 | 0.4.1 | 119.00 | 242.00 | 361.00 | NOTE | |
r-oldrel-macos-x86_64 | 0.4.1 | NOTE | ||||
r-oldrel-windows-ix86+x86_64 | 0.4.1 | 74.00 | 263.00 | 337.00 | NOTE |
Version: 0.4.1
Check: package dependencies
Result: NOTE
Package suggested but not available for checking: 'exuberdata'
Flavors: r-devel-linux-x86_64-debian-clang, r-devel-linux-x86_64-debian-gcc, r-devel-linux-x86_64-fedora-clang, r-devel-linux-x86_64-fedora-gcc, r-devel-windows-ix86+x86_64, r-patched-linux-x86_64, r-patched-solaris-x86, r-release-linux-x86_64, r-release-macos-x86_64, r-release-windows-ix86+x86_64, r-oldrel-macos-x86_64, r-oldrel-windows-ix86+x86_64