CRAN Package Check Results for Package factorstochvol

Last updated on 2020-08-19 01:49:58 CEST.

Flavor Version Tinstall Tcheck Ttotal Status Flags
r-devel-linux-x86_64-debian-clang 0.9.3 105.26 81.46 186.72 OK
r-devel-linux-x86_64-debian-gcc 0.9.3 81.22 60.38 141.60 OK
r-devel-linux-x86_64-fedora-clang 0.9.3 252.74 NOTE
r-devel-linux-x86_64-fedora-gcc 0.9.3 238.08 OK
r-devel-windows-ix86+x86_64 0.9.3 245.00 137.00 382.00 OK
r-patched-linux-x86_64 0.9.3 88.87 79.20 168.07 OK
r-patched-solaris-x86 0.9.3 220.90 OK
r-release-linux-x86_64 0.9.3 89.65 80.06 169.71 OK
r-release-macos-x86_64 0.9.3 NOTE
r-release-windows-ix86+x86_64 0.9.3 248.00 133.00 381.00 OK
r-oldrel-macos-x86_64 0.9.3 NOTE
r-oldrel-windows-ix86+x86_64 0.9.3 174.00 187.00 361.00 OK

Check Details

Version: 0.9.3
Check: installed package size
Result: NOTE
     installed size is 7.0Mb
     sub-directories of 1Mb or more:
     doc 1.6Mb
     libs 5.1Mb
Flavors: r-devel-linux-x86_64-fedora-clang, r-release-macos-x86_64, r-oldrel-macos-x86_64