Last updated on 2020-08-19 01:49:58 CEST.
Flavor | Version | Tinstall | Tcheck | Ttotal | Status | Flags |
---|---|---|---|---|---|---|
r-devel-linux-x86_64-debian-clang | 1.0 | 3.83 | 41.12 | 44.95 | NOTE | |
r-devel-linux-x86_64-debian-gcc | 1.0 | 2.94 | 32.69 | 35.63 | NOTE | |
r-devel-linux-x86_64-fedora-clang | 1.0 | 61.83 | OK | |||
r-devel-linux-x86_64-fedora-gcc | 1.0 | 52.77 | OK | |||
r-devel-windows-ix86+x86_64 | 1.0 | 13.00 | 54.00 | 67.00 | NOTE | |
r-patched-linux-x86_64 | 1.0 | 3.65 | 40.66 | 44.31 | NOTE | |
r-patched-solaris-x86 | 1.0 | 82.90 | OK | |||
r-release-linux-x86_64 | 1.0 | 4.10 | 40.31 | 44.41 | NOTE | |
r-release-macos-x86_64 | 1.0 | OK | ||||
r-release-windows-ix86+x86_64 | 1.0 | 13.00 | 53.00 | 66.00 | NOTE | |
r-oldrel-macos-x86_64 | 1.0 | OK | ||||
r-oldrel-windows-ix86+x86_64 | 1.0 | 8.00 | 81.00 | 89.00 | OK |
Version: 1.0
Check: package vignettes
Result: NOTE
Package vignette with placeholder title 'Vignette Title':
'my-vignette.Rmd'
Flavors: r-devel-linux-x86_64-debian-clang, r-devel-linux-x86_64-debian-gcc, r-devel-windows-ix86+x86_64, r-patched-linux-x86_64, r-release-linux-x86_64, r-release-windows-ix86+x86_64