CRAN Package Check Results for Package fdistr

Last updated on 2020-08-19 01:49:58 CEST.

Flavor Version Tinstall Tcheck Ttotal Status Flags
r-devel-linux-x86_64-debian-clang 0.1.0 4.28 39.76 44.04 OK
r-devel-linux-x86_64-debian-gcc 0.1.0 3.60 30.46 34.06 OK
r-devel-linux-x86_64-fedora-clang 0.1.0 60.89 NOTE
r-devel-linux-x86_64-fedora-gcc 0.1.0 51.09 NOTE
r-devel-windows-ix86+x86_64 0.1.0 18.00 48.00 66.00 OK
r-patched-linux-x86_64 0.1.0 4.68 38.81 43.49 OK
r-patched-solaris-x86 0.1.0 81.50 NOTE
r-release-linux-x86_64 0.1.0 3.58 38.61 42.19 OK
r-release-macos-x86_64 0.1.0 NOTE
r-release-windows-ix86+x86_64 0.1.0 18.00 46.00 64.00 OK
r-oldrel-macos-x86_64 0.1.0 NOTE
r-oldrel-windows-ix86+x86_64 0.1.0 10.00 84.00 94.00 OK

Check Details

Version: 0.1.0
Check: dependencies in R code
Result: NOTE
    Namespaces in Imports field not imported from:
     ‘usethis’ ‘utils’
     All declared Imports should be used.
Flavors: r-devel-linux-x86_64-fedora-clang, r-devel-linux-x86_64-fedora-gcc, r-patched-solaris-x86, r-release-macos-x86_64, r-oldrel-macos-x86_64

Version: 0.1.0
Check: data for non-ASCII characters
Result: NOTE
     Note: found 1 marked Latin-1 string
Flavors: r-devel-linux-x86_64-fedora-clang, r-devel-linux-x86_64-fedora-gcc, r-patched-solaris-x86, r-release-macos-x86_64, r-oldrel-macos-x86_64