CRAN Package Check Results for Package feature

Last updated on 2020-08-19 01:49:58 CEST.

Flavor Version Tinstall Tcheck Ttotal Status Flags
r-devel-linux-x86_64-debian-clang 1.2.13 12.79 95.95 108.74 OK
r-devel-linux-x86_64-debian-gcc 1.2.13 11.77 74.08 85.85 OK
r-devel-linux-x86_64-fedora-clang 1.2.13 142.85 OK
r-devel-linux-x86_64-fedora-gcc 1.2.13 131.86 OK
r-devel-windows-ix86+x86_64 1.2.13 40.00 100.00 140.00 OK
r-patched-linux-x86_64 1.2.13 11.65 94.97 106.62 OK
r-patched-solaris-x86 1.2.13 205.80 OK
r-release-linux-x86_64 1.2.13 14.74 95.81 110.55 OK
r-release-macos-x86_64 1.2.13 OK
r-release-windows-ix86+x86_64 1.2.13 29.00 98.00 127.00 OK
r-oldrel-macos-x86_64 1.2.13 WARN
r-oldrel-windows-ix86+x86_64 1.2.13 21.00 129.00 150.00 OK

Check Details

Version: 1.2.13
Check: whether package can be installed
Result: WARN
    Found the following significant warnings:
     Warning: 'rgl_init' failed, running with rgl.useNULL = TRUE
Flavor: r-oldrel-macos-x86_64