Last updated on 2020-08-19 01:49:58 CEST.
Flavor | Version | Tinstall | Tcheck | Ttotal | Status | Flags |
---|---|---|---|---|---|---|
r-devel-linux-x86_64-debian-clang | 1.0.0 | 9.03 | 183.56 | 192.59 | OK | |
r-devel-linux-x86_64-debian-gcc | 1.0.0 | 7.94 | 136.28 | 144.22 | OK | |
r-devel-linux-x86_64-fedora-clang | 1.0.0 | 234.70 | NOTE | |||
r-devel-linux-x86_64-fedora-gcc | 1.0.0 | 223.38 | NOTE | |||
r-devel-windows-ix86+x86_64 | 1.0.0 | 33.00 | 217.00 | 250.00 | OK | |
r-patched-linux-x86_64 | 1.0.0 | 9.84 | 171.67 | 181.51 | OK | |
r-patched-solaris-x86 | 1.0.0 | 305.40 | NOTE | |||
r-release-linux-x86_64 | 1.0.0 | 10.34 | 173.00 | 183.34 | OK | |
r-release-macos-x86_64 | 1.0.0 | NOTE | ||||
r-release-windows-ix86+x86_64 | 1.0.0 | 34.00 | 206.00 | 240.00 | OK | |
r-oldrel-macos-x86_64 | 1.0.0 | NOTE | ||||
r-oldrel-windows-ix86+x86_64 | 1.0.0 | 20.00 | 314.00 | 334.00 | OK |
Version: 1.0.0
Check: dependencies in R code
Result: NOTE
Namespace in Imports field not imported from: ‘numDeriv’
All declared Imports should be used.
Flavors: r-devel-linux-x86_64-fedora-clang, r-devel-linux-x86_64-fedora-gcc, r-patched-solaris-x86, r-release-macos-x86_64, r-oldrel-macos-x86_64