CRAN Package Check Results for Package fitteR

Last updated on 2020-08-19 01:49:59 CEST.

Flavor Version Tinstall Tcheck Ttotal Status Flags
r-devel-linux-x86_64-debian-clang 0.1.0 6.40 70.20 76.60 NOTE
r-devel-linux-x86_64-debian-gcc 0.1.0 4.93 53.33 58.26 NOTE
r-devel-linux-x86_64-fedora-clang 0.1.0 96.42 NOTE
r-devel-linux-x86_64-fedora-gcc 0.1.0 86.02 NOTE
r-devel-windows-ix86+x86_64 0.1.0 28.00 88.00 116.00 NOTE
r-patched-linux-x86_64 0.1.0 7.21 68.60 75.81 NOTE
r-patched-solaris-x86 0.1.0 126.20 NOTE
r-release-linux-x86_64 0.1.0 6.94 69.11 76.05 NOTE
r-release-macos-x86_64 0.1.0 NOTE
r-release-windows-ix86+x86_64 0.1.0 28.00 83.00 111.00 NOTE
r-oldrel-macos-x86_64 0.1.0 NOTE
r-oldrel-windows-ix86+x86_64 0.1.0 13.00 68.00 81.00 OK

Check Details

Version: 0.1.0
Check: package dependencies
Result: NOTE
    Package suggested but not available for checking: 'ExtDist'
Flavors: r-devel-linux-x86_64-debian-clang, r-devel-linux-x86_64-debian-gcc, r-devel-linux-x86_64-fedora-clang, r-devel-linux-x86_64-fedora-gcc, r-devel-windows-ix86+x86_64, r-patched-linux-x86_64, r-patched-solaris-x86, r-release-linux-x86_64, r-release-macos-x86_64, r-release-windows-ix86+x86_64, r-oldrel-macos-x86_64