CRAN Package Check Results for Package forestmangr

Last updated on 2020-08-19 01:49:59 CEST.

Flavor Version Tinstall Tcheck Ttotal Status Flags
r-devel-linux-x86_64-debian-clang 0.9.2 10.49 220.92 231.41 OK
r-devel-linux-x86_64-debian-gcc 0.9.2 8.16 166.13 174.29 OK
r-devel-linux-x86_64-fedora-clang 0.9.2 275.62 NOTE
r-devel-linux-x86_64-fedora-gcc 0.9.2 269.14 NOTE
r-devel-windows-ix86+x86_64 0.9.2 30.00 220.00 250.00 OK
r-patched-linux-x86_64 0.9.2 8.17 214.50 222.67 OK
r-patched-solaris-x86 0.9.2 332.40 NOTE
r-release-linux-x86_64 0.9.2 7.80 215.44 223.24 OK
r-release-macos-x86_64 0.9.2 NOTE
r-release-windows-ix86+x86_64 0.9.2 31.00 236.00 267.00 OK
r-oldrel-macos-x86_64 0.9.2 NOTE
r-oldrel-windows-ix86+x86_64 0.9.2 16.00 251.00 267.00 OK

Check Details

Version: 0.9.2
Check: package dependencies
Result: NOTE
    Imports includes 21 non-default packages.
    Importing from so many packages makes the package vulnerable to any of
    them becoming unavailable. Move as many as possible to Suggests and
    use conditionally.
Flavor: r-devel-linux-x86_64-fedora-clang

Version: 0.9.2
Check: dependencies in R code
Result: NOTE
    Namespace in Imports field not imported from: ‘forcats’
     All declared Imports should be used.
Flavors: r-devel-linux-x86_64-fedora-clang, r-devel-linux-x86_64-fedora-gcc, r-patched-solaris-x86, r-release-macos-x86_64, r-oldrel-macos-x86_64