CRAN Package Check Results for Package fs

Last updated on 2020-08-19 01:49:59 CEST.

Flavor Version Tinstall Tcheck Ttotal Status Flags
r-devel-linux-x86_64-debian-clang 1.5.0 61.55 41.13 102.68 NOTE
r-devel-linux-x86_64-debian-gcc 1.5.0 45.30 36.01 81.31 NOTE
r-devel-linux-x86_64-fedora-clang 1.5.0 150.79 NOTE
r-devel-linux-x86_64-fedora-gcc 1.5.0 141.73 NOTE
r-devel-windows-ix86+x86_64 1.5.0 170.00 79.00 249.00 NOTE
r-patched-linux-x86_64 1.5.0 50.66 46.01 96.67 NOTE
r-patched-solaris-x86 1.5.0 119.00 NOTE
r-release-linux-x86_64 1.5.0 51.35 45.95 97.30 NOTE
r-release-macos-x86_64 1.5.0 NOTE
r-release-windows-ix86+x86_64 1.5.0 159.00 73.00 232.00 NOTE
r-oldrel-macos-x86_64 1.5.0 NOTE
r-oldrel-windows-ix86+x86_64 1.5.0 220.00 88.00 308.00 NOTE

Check Details

Version: 1.5.0
Check: for GNU extensions in Makefiles
Result: NOTE
    GNU make is a SystemRequirements.
Flavors: r-devel-linux-x86_64-debian-clang, r-devel-linux-x86_64-debian-gcc, r-devel-linux-x86_64-fedora-clang, r-devel-linux-x86_64-fedora-gcc, r-devel-windows-ix86+x86_64, r-patched-linux-x86_64, r-patched-solaris-x86, r-release-linux-x86_64, r-release-macos-x86_64, r-release-windows-ix86+x86_64, r-oldrel-macos-x86_64, r-oldrel-windows-ix86+x86_64