CRAN Package Check Results for Package gamesGA

Last updated on 2020-08-19 01:49:59 CEST.

Flavor Version Tinstall Tcheck Ttotal Status Flags
r-devel-linux-x86_64-debian-clang 1.1.3.7 4.60 37.58 42.18 OK
r-devel-linux-x86_64-debian-gcc 1.1.3.7 3.54 30.74 34.28 OK
r-devel-linux-x86_64-fedora-clang 1.1.3.7 59.09 NOTE
r-devel-linux-x86_64-fedora-gcc 1.1.3.7 51.94 NOTE
r-devel-windows-ix86+x86_64 1.1.3.7 19.00 75.00 94.00 OK
r-patched-linux-x86_64 1.1.3.7 3.77 38.84 42.61 OK
r-patched-solaris-x86 1.1.3.7 81.80 NOTE
r-release-linux-x86_64 1.1.3.7 3.69 39.03 42.72 OK
r-release-macos-x86_64 1.1.3.7 NOTE
r-release-windows-ix86+x86_64 1.1.3.7 22.00 68.00 90.00 OK
r-oldrel-macos-x86_64 1.1.3.7 NOTE
r-oldrel-windows-ix86+x86_64 1.1.3.7 11.00 114.00 125.00 OK

Check Details

Version: 1.1.3.7
Check: dependencies in R code
Result: NOTE
    Namespace in Imports field not imported from: ‘grDevices’
     All declared Imports should be used.
Flavors: r-devel-linux-x86_64-fedora-clang, r-devel-linux-x86_64-fedora-gcc, r-patched-solaris-x86, r-release-macos-x86_64, r-oldrel-macos-x86_64