CRAN Package Check Results for Package gamm4.test

Last updated on 2020-08-19 01:49:59 CEST.

Flavor Version Tinstall Tcheck Ttotal Status Flags
r-devel-linux-x86_64-debian-clang 0.1.0 13.54 124.33 137.87 NOTE
r-devel-linux-x86_64-debian-gcc 0.1.0 11.16 92.67 103.83 NOTE
r-devel-linux-x86_64-fedora-clang 0.1.0 169.08 OK
r-devel-linux-x86_64-fedora-gcc 0.1.0 159.60 OK
r-devel-windows-ix86+x86_64 0.1.0 45.00 130.00 175.00 NOTE
r-patched-linux-x86_64 0.1.0 12.88 118.56 131.44 NOTE
r-patched-solaris-x86 0.1.0 224.80 OK
r-release-linux-x86_64 0.1.0 12.95 119.52 132.47 NOTE
r-release-macos-x86_64 0.1.0 OK
r-release-windows-ix86+x86_64 0.1.0 37.00 128.00 165.00 NOTE
r-oldrel-macos-x86_64 0.1.0 OK
r-oldrel-windows-ix86+x86_64 0.1.0 23.00 184.00 207.00 OK

Check Details

Version: 0.1.0
Check: package vignettes
Result: NOTE
    Package vignette with placeholder title 'Vignette Title':
     'Introduction.Rmd'
Flavors: r-devel-linux-x86_64-debian-clang, r-devel-linux-x86_64-debian-gcc, r-devel-windows-ix86+x86_64, r-patched-linux-x86_64, r-release-linux-x86_64, r-release-windows-ix86+x86_64