CRAN Package Check Results for Package gbp

Last updated on 2020-08-19 01:49:59 CEST.

Flavor Version Tinstall Tcheck Ttotal Status Flags
r-devel-linux-x86_64-debian-clang 0.1.0.4 286.14 63.76 349.90 NOTE
r-devel-linux-x86_64-debian-gcc 0.1.0.4 222.67 47.30 269.97 NOTE
r-devel-linux-x86_64-fedora-clang 0.1.0.4 493.00 NOTE
r-devel-linux-x86_64-fedora-gcc 0.1.0.4 462.06 NOTE
r-devel-windows-ix86+x86_64 0.1.0.4 764.00 119.00 883.00 NOTE
r-patched-linux-x86_64 0.1.0.4 238.92 60.97 299.89 NOTE
r-patched-solaris-x86 0.1.0.4 373.90 NOTE
r-release-linux-x86_64 0.1.0.4 231.96 61.22 293.18 NOTE
r-release-macos-x86_64 0.1.0.4 NOTE
r-release-windows-ix86+x86_64 0.1.0.4 748.00 116.00 864.00 NOTE
r-oldrel-macos-x86_64 0.1.0.4 NOTE
r-oldrel-windows-ix86+x86_64 0.1.0.4 527.00 117.00 644.00 NOTE

Check Details

Version: 0.1.0.4
Check: for GNU extensions in Makefiles
Result: NOTE
    GNU make is a SystemRequirements.
Flavors: r-devel-linux-x86_64-debian-clang, r-devel-linux-x86_64-debian-gcc, r-devel-linux-x86_64-fedora-clang, r-devel-linux-x86_64-fedora-gcc, r-devel-windows-ix86+x86_64, r-patched-linux-x86_64, r-patched-solaris-x86, r-release-linux-x86_64, r-release-macos-x86_64, r-release-windows-ix86+x86_64, r-oldrel-macos-x86_64, r-oldrel-windows-ix86+x86_64

Version: 0.1.0.4
Check: installed package size
Result: NOTE
     installed size is 20.2Mb
     sub-directories of 1Mb or more:
     doc 1.2Mb
     libs 18.8Mb
Flavors: r-devel-linux-x86_64-fedora-clang, r-devel-windows-ix86+x86_64, r-release-macos-x86_64, r-release-windows-ix86+x86_64, r-oldrel-macos-x86_64, r-oldrel-windows-ix86+x86_64

Version: 0.1.0.4
Check: compiled code
Result: NOTE
    File ‘gbp/libs/gbp.so’:
     Found no calls to: ‘R_registerRoutines’, ‘R_useDynamicSymbols’
    
    It is good practice to register native routines and to disable symbol
    search.
    
    See ‘Writing portable packages’ in the ‘Writing R Extensions’ manual.
Flavors: r-devel-linux-x86_64-fedora-clang, r-devel-linux-x86_64-fedora-gcc