CRAN Package Check Results for Package gdtools

Last updated on 2020-08-19 01:49:59 CEST.

Flavor Version Tinstall Tcheck Ttotal Status Flags
r-devel-linux-x86_64-debian-clang 0.2.2 51.09 27.43 78.52 OK
r-devel-linux-x86_64-debian-gcc 0.2.2 38.90 21.50 60.40 OK
r-devel-linux-x86_64-fedora-clang 0.2.2 118.78 OK
r-devel-linux-x86_64-fedora-gcc 0.2.2 98.56 OK
r-devel-windows-ix86+x86_64 0.2.2 136.00 85.00 221.00 NOTE
r-patched-linux-x86_64 0.2.2 38.86 27.16 66.02 OK
r-patched-solaris-x86 0.2.2 98.10 OK
r-release-linux-x86_64 0.2.2 37.57 27.17 64.74 OK
r-release-macos-x86_64 0.2.2 OK
r-release-windows-ix86+x86_64 0.2.2 137.00 82.00 219.00 NOTE
r-oldrel-macos-x86_64 0.2.2 OK
r-oldrel-windows-ix86+x86_64 0.2.2 101.00 108.00 209.00 NOTE

Check Details

Version: 0.2.2
Check: installed package size
Result: NOTE
     installed size is 8.2Mb
     sub-directories of 1Mb or more:
     libs 8.1Mb
Flavors: r-devel-windows-ix86+x86_64, r-release-windows-ix86+x86_64, r-oldrel-windows-ix86+x86_64