Last updated on 2020-08-19 01:49:59 CEST.
Flavor | Version | Tinstall | Tcheck | Ttotal | Status | Flags |
---|---|---|---|---|---|---|
r-devel-linux-x86_64-debian-clang | 2.0.0 | 97.83 | 29.94 | 127.77 | OK | |
r-devel-linux-x86_64-debian-gcc | 2.0.0 | 76.91 | 23.62 | 100.53 | OK | |
r-devel-linux-x86_64-fedora-clang | 2.0.0 | 188.41 | NOTE | |||
r-devel-linux-x86_64-fedora-gcc | 2.0.0 | 173.45 | NOTE | |||
r-devel-windows-ix86+x86_64 | 2.0.0 | 241.00 | 75.00 | 316.00 | OK | |
r-patched-linux-x86_64 | 2.0.0 | 83.03 | 29.78 | 112.81 | OK | |
r-patched-solaris-x86 | 2.0.0 | 148.30 | NOTE | |||
r-release-linux-x86_64 | 2.0.0 | 80.55 | 29.72 | 110.27 | OK | |
r-release-macos-x86_64 | 2.0.0 | NOTE | ||||
r-release-windows-ix86+x86_64 | 2.0.0 | 234.00 | 66.00 | 300.00 | OK | |
r-oldrel-macos-x86_64 | 2.0.0 | NOTE | ||||
r-oldrel-windows-ix86+x86_64 | 2.0.0 | 176.00 | 75.00 | 251.00 | OK |
Version: 2.0.0
Check: installed package size
Result: NOTE
installed size is 9.6Mb
sub-directories of 1Mb or more:
help 1.3Mb
libs 7.5Mb
Flavors: r-devel-linux-x86_64-fedora-clang, r-release-macos-x86_64, r-oldrel-macos-x86_64
Version: 2.0.0
Check: dependencies in R code
Result: NOTE
Namespace in Imports field not imported from: ‘jsonify’
All declared Imports should be used.
Flavors: r-devel-linux-x86_64-fedora-clang, r-devel-linux-x86_64-fedora-gcc, r-patched-solaris-x86, r-release-macos-x86_64, r-oldrel-macos-x86_64