Last updated on 2020-08-19 01:50:00 CEST.
Flavor | Version | Tinstall | Tcheck | Ttotal | Status | Flags |
---|---|---|---|---|---|---|
r-devel-linux-x86_64-debian-clang | 0.2.8 | 5.29 | 45.28 | 50.57 | OK | |
r-devel-linux-x86_64-debian-gcc | 0.2.8 | 4.36 | 35.07 | 39.43 | OK | |
r-devel-linux-x86_64-fedora-clang | 0.2.8 | 70.48 | OK | |||
r-devel-linux-x86_64-fedora-gcc | 0.2.8 | 59.05 | OK | |||
r-devel-windows-ix86+x86_64 | 0.2.8 | 21.00 | 80.00 | 101.00 | OK | |
r-patched-linux-x86_64 | 0.2.8 | 5.32 | 44.53 | 49.85 | OK | |
r-patched-solaris-x86 | 0.2.8 | 94.20 | NOTE | |||
r-release-linux-x86_64 | 0.2.8 | 5.10 | 45.41 | 50.51 | OK | |
r-release-macos-x86_64 | 0.2.8 | NOTE | ||||
r-release-windows-ix86+x86_64 | 0.2.8 | 30.00 | 61.00 | 91.00 | OK | |
r-oldrel-macos-x86_64 | 0.2.8 | OK | ||||
r-oldrel-windows-ix86+x86_64 | 0.2.8 | 12.00 | 97.00 | 109.00 | OK |
Version: 0.2.8
Check: package dependencies
Result: NOTE
Package suggested but not available for checking: ‘rsvg’
Flavor: r-patched-solaris-x86
Version: 0.2.8
Check: package dependencies
Result: NOTE
Package suggested but not available for checking: ‘ggtree’
Flavor: r-release-macos-x86_64