CRAN Package Check Results for Package ggm

Last updated on 2020-08-19 01:50:00 CEST.

Flavor Version Tinstall Tcheck Ttotal Status Flags
r-devel-linux-x86_64-debian-clang 2.5 11.31 67.26 78.57 OK
r-devel-linux-x86_64-debian-gcc 2.5 8.48 49.83 58.31 OK
r-devel-linux-x86_64-fedora-clang 2.5 97.15 NOTE
r-devel-linux-x86_64-fedora-gcc 2.5 87.57 NOTE
r-devel-windows-ix86+x86_64 2.5 19.00 98.00 117.00 OK
r-patched-linux-x86_64 2.5 7.80 65.87 73.67 OK
r-patched-solaris-x86 2.5 114.70 NOTE
r-release-linux-x86_64 2.5 10.16 67.00 77.16 OK
r-release-macos-x86_64 2.5 NOTE
r-release-windows-ix86+x86_64 2.5 18.00 71.00 89.00 OK
r-oldrel-macos-x86_64 2.5 NOTE
r-oldrel-windows-ix86+x86_64 2.5 12.00 91.00 103.00 OK

Check Details

Version: 2.5
Check: dependencies in R code
Result: NOTE
    Namespace in Imports field not imported from: ‘graph’
     All declared Imports should be used.
Flavors: r-devel-linux-x86_64-fedora-clang, r-devel-linux-x86_64-fedora-gcc, r-patched-solaris-x86, r-release-macos-x86_64, r-oldrel-macos-x86_64