CRAN Package Check Results for Package ggmap

Last updated on 2020-08-19 01:50:00 CEST.

Flavor Version Tinstall Tcheck Ttotal Status Flags
r-devel-linux-x86_64-debian-clang 3.0.0 13.25 74.70 87.95 OK
r-devel-linux-x86_64-debian-gcc 3.0.0 10.14 55.52 65.66 OK
r-devel-linux-x86_64-fedora-clang 3.0.0 112.00 OK
r-devel-linux-x86_64-fedora-gcc 3.0.0 98.60 OK
r-devel-windows-ix86+x86_64 3.0.0 31.00 114.00 145.00 OK
r-patched-linux-x86_64 3.0.0 11.30 71.20 82.50 OK
r-patched-solaris-x86 3.0.0 144.50 NOTE
r-release-linux-x86_64 3.0.0 12.71 72.93 85.64 OK
r-release-macos-x86_64 3.0.0 OK
r-release-windows-ix86+x86_64 3.0.0 32.00 87.00 119.00 OK
r-oldrel-macos-x86_64 3.0.0 OK
r-oldrel-windows-ix86+x86_64 3.0.0 22.00 134.00 156.00 OK

Check Details

Version: 3.0.0
Check: installed package size
Result: NOTE
     installed size is 5.1Mb
     sub-directories of 1Mb or more:
     data 4.5Mb
Flavor: r-patched-solaris-x86