CRAN Package Check Results for Package gnumeric

Last updated on 2020-08-19 01:50:00 CEST.

Flavor Version Tinstall Tcheck Ttotal Status Flags
r-devel-linux-x86_64-debian-clang 0.7-8 2.79 26.95 29.74 OK
r-devel-linux-x86_64-debian-gcc 0.7-8 2.22 21.08 23.30 OK
r-devel-linux-x86_64-fedora-clang 0.7-8 44.59 NOTE
r-devel-linux-x86_64-fedora-gcc 0.7-8 34.63 OK
r-devel-windows-ix86+x86_64 0.7-8 8.00 38.00 46.00 OK
r-patched-linux-x86_64 0.7-8 2.66 26.61 29.27 OK
r-patched-solaris-x86 0.7-8 54.90 OK
r-release-linux-x86_64 0.7-8 3.06 26.90 29.96 OK
r-release-macos-x86_64 0.7-8 OK
r-release-windows-ix86+x86_64 0.7-8 6.00 40.00 46.00 OK
r-oldrel-macos-x86_64 0.7-8 OK
r-oldrel-windows-ix86+x86_64 0.7-8 5.00 40.00 45.00 OK

Check Details

Version: 0.7-8
Check: Rd cross-references
Result: NOTE
    Undeclared package ‘gdata’ in Rd xrefs
Flavor: r-devel-linux-x86_64-fedora-clang