Last updated on 2020-08-19 01:50:00 CEST.
Flavor | Version | Tinstall | Tcheck | Ttotal | Status | Flags |
---|---|---|---|---|---|---|
r-devel-linux-x86_64-debian-clang | 1.0.1 | 142.83 | 78.34 | 221.17 | OK | |
r-devel-linux-x86_64-debian-gcc | 1.0.1 | 109.74 | 60.28 | 170.02 | OK | |
r-devel-linux-x86_64-fedora-clang | 1.0.1 | 307.00 | NOTE | |||
r-devel-linux-x86_64-fedora-gcc | 1.0.1 | 286.01 | OK | |||
r-devel-windows-ix86+x86_64 | 1.0.1 | 347.00 | 134.00 | 481.00 | OK | |
r-patched-linux-x86_64 | 1.0.1 | 111.30 | 77.52 | 188.82 | OK | |
r-patched-solaris-x86 | 1.0.1 | 279.90 | OK | |||
r-release-linux-x86_64 | 1.0.1 | 114.59 | 77.37 | 191.96 | OK | |
r-release-macos-x86_64 | 1.0.1 | NOTE | ||||
r-release-windows-ix86+x86_64 | 1.0.1 | 370.00 | 131.00 | 501.00 | OK | |
r-oldrel-macos-x86_64 | 1.0.1 | NOTE | ||||
r-oldrel-windows-ix86+x86_64 | 1.0.1 | 257.00 | 165.00 | 422.00 | OK |
Version: 1.0.1
Check: installed package size
Result: NOTE
installed size is 9.6Mb
sub-directories of 1Mb or more:
libs 9.4Mb
Flavors: r-devel-linux-x86_64-fedora-clang, r-release-macos-x86_64, r-oldrel-macos-x86_64
Version: 1.0.1
Check: Rd cross-references
Result: NOTE
Undeclared package ‘timereg’ in Rd xrefs
Flavor: r-devel-linux-x86_64-fedora-clang