CRAN Package Check Results for Package googlePolylines

Last updated on 2020-08-19 01:50:00 CEST.

Flavor Version Tinstall Tcheck Ttotal Status Flags
r-devel-linux-x86_64-debian-clang 0.7.2 43.23 31.65 74.88 NOTE
r-devel-linux-x86_64-debian-gcc 0.7.2 36.18 25.25 61.43 NOTE
r-devel-linux-x86_64-fedora-clang 0.7.2 116.77 NOTE
r-devel-linux-x86_64-fedora-gcc 0.7.2 101.19 NOTE
r-devel-windows-ix86+x86_64 0.7.2 118.00 77.00 195.00 NOTE
r-patched-linux-x86_64 0.7.2 34.82 32.11 66.93 NOTE
r-patched-solaris-x86 0.7.2 111.60 NOTE
r-release-linux-x86_64 0.7.2 35.77 31.95 67.72 NOTE
r-release-macos-x86_64 0.7.2 NOTE
r-release-windows-ix86+x86_64 0.7.2 118.00 78.00 196.00 NOTE
r-oldrel-macos-x86_64 0.7.2 NOTE
r-oldrel-windows-ix86+x86_64 0.7.2 85.00 74.00 159.00 NOTE

Check Details

Version: 0.7.2
Check: line endings in C/C++/Fortran sources/headers
Result: NOTE
    Found the following sources/headers not terminated with a newline:
     inst/include/googlePolylines.h
     inst/include/variants.h
    Some compilers warn on such files.
Flavors: r-devel-linux-x86_64-debian-clang, r-devel-linux-x86_64-debian-gcc, r-devel-linux-x86_64-fedora-clang, r-devel-linux-x86_64-fedora-gcc, r-devel-windows-ix86+x86_64, r-patched-linux-x86_64, r-patched-solaris-x86, r-release-linux-x86_64, r-release-macos-x86_64, r-release-windows-ix86+x86_64, r-oldrel-macos-x86_64, r-oldrel-windows-ix86+x86_64

Version: 0.7.2
Check: package vignettes
Result: NOTE
    Package vignette with placeholder title 'Vignette Title':
     'sfencode.Rmd'
Flavors: r-devel-linux-x86_64-debian-clang, r-devel-linux-x86_64-debian-gcc, r-devel-windows-ix86+x86_64, r-patched-linux-x86_64, r-release-linux-x86_64, r-release-windows-ix86+x86_64