CRAN Package Check Results for Package googlesheets

Last updated on 2020-08-19 01:50:00 CEST.

Flavor Version Tinstall Tcheck Ttotal Status Flags
r-devel-linux-x86_64-debian-clang 0.3.0 6.71 52.44 59.15 OK
r-devel-linux-x86_64-debian-gcc 0.3.0 5.21 39.93 45.14 OK
r-devel-linux-x86_64-fedora-clang 0.3.0 77.00 NOTE
r-devel-linux-x86_64-fedora-gcc 0.3.0 68.41 NOTE
r-devel-windows-ix86+x86_64 0.3.0 25.00 73.00 98.00 OK
r-patched-linux-x86_64 0.3.0 6.66 50.85 57.51 OK
r-patched-solaris-x86 0.3.0 98.00 NOTE
r-release-linux-x86_64 0.3.0 7.84 50.78 58.62 OK
r-release-macos-x86_64 0.3.0 NOTE
r-release-windows-ix86+x86_64 0.3.0 22.00 73.00 95.00 OK
r-oldrel-macos-x86_64 0.3.0 NOTE
r-oldrel-windows-ix86+x86_64 0.3.0 14.00 72.00 86.00 OK

Check Details

Version: 0.3.0
Check: dependencies in R code
Result: NOTE
    Namespace in Imports field not imported from: ‘tibble’
     All declared Imports should be used.
Flavors: r-devel-linux-x86_64-fedora-clang, r-devel-linux-x86_64-fedora-gcc, r-patched-solaris-x86, r-release-macos-x86_64, r-oldrel-macos-x86_64