CRAN Package Check Results for Package gridBase

Last updated on 2020-08-19 01:50:01 CEST.

Flavor Version Tinstall Tcheck Ttotal Status Flags
r-devel-linux-x86_64-debian-clang 0.4-7 2.15 24.32 26.47 NOTE
r-devel-linux-x86_64-debian-gcc 0.4-7 1.54 19.19 20.73 NOTE
r-devel-linux-x86_64-fedora-clang 0.4-7 41.57 NOTE
r-devel-linux-x86_64-fedora-gcc 0.4-7 31.41 NOTE
r-devel-windows-ix86+x86_64 0.4-7 9.00 42.00 51.00 NOTE
r-patched-linux-x86_64 0.4-7 2.05 24.05 26.10 NOTE
r-patched-solaris-x86 0.4-7 47.90 NOTE
r-release-linux-x86_64 0.4-7 1.89 24.66 26.55 NOTE
r-release-macos-x86_64 0.4-7 NOTE
r-release-windows-ix86+x86_64 0.4-7 8.00 38.00 46.00 NOTE
r-oldrel-macos-x86_64 0.4-7 NOTE
r-oldrel-windows-ix86+x86_64 0.4-7 4.00 49.00 53.00 NOTE

Check Details

Version: 0.4-7
Check: DESCRIPTION meta-information
Result: NOTE
    Malformed Description field: should contain one or more complete sentences.
Flavors: r-devel-linux-x86_64-debian-clang, r-devel-linux-x86_64-debian-gcc, r-devel-linux-x86_64-fedora-clang, r-devel-linux-x86_64-fedora-gcc, r-devel-windows-ix86+x86_64, r-patched-linux-x86_64, r-patched-solaris-x86, r-release-linux-x86_64, r-release-macos-x86_64, r-release-windows-ix86+x86_64, r-oldrel-macos-x86_64, r-oldrel-windows-ix86+x86_64