CRAN Package Check Results for Package gridsampler

Last updated on 2020-08-19 01:50:01 CEST.

Flavor Version Tinstall Tcheck Ttotal Status Flags
r-devel-linux-x86_64-debian-clang 0.6 5.17 92.54 97.71 OK
r-devel-linux-x86_64-debian-gcc 0.6 3.92 65.83 69.75 OK
r-devel-linux-x86_64-fedora-clang 0.6 119.37 NOTE
r-devel-linux-x86_64-fedora-gcc 0.6 113.36 NOTE
r-devel-windows-ix86+x86_64 0.6 26.00 123.00 149.00 OK
r-patched-linux-x86_64 0.6 5.87 89.74 95.61 OK
r-patched-solaris-x86 0.6 167.50 NOTE
r-release-linux-x86_64 0.6 5.87 89.36 95.23 OK
r-release-macos-x86_64 0.6 NOTE
r-release-windows-ix86+x86_64 0.6 36.00 106.00 142.00 OK
r-oldrel-macos-x86_64 0.6 NOTE
r-oldrel-windows-ix86+x86_64 0.6 14.00 166.00 180.00 OK

Check Details

Version: 0.6
Check: dependencies in R code
Result: NOTE
    Namespace in Imports field not imported from: ‘BiasedUrn’
     All declared Imports should be used.
Flavors: r-devel-linux-x86_64-fedora-clang, r-devel-linux-x86_64-fedora-gcc, r-patched-solaris-x86, r-release-macos-x86_64, r-oldrel-macos-x86_64