Last updated on 2020-08-19 01:50:01 CEST.
Flavor | Version | Tinstall | Tcheck | Ttotal | Status | Flags |
---|---|---|---|---|---|---|
r-devel-linux-x86_64-debian-clang | 0.2.6 | 84.89 | 133.99 | 218.88 | OK | |
r-devel-linux-x86_64-debian-gcc | 0.2.6 | 69.40 | 96.90 | 166.30 | OK | |
r-devel-linux-x86_64-fedora-clang | 0.2.6 | 299.14 | NOTE | |||
r-devel-linux-x86_64-fedora-gcc | 0.2.6 | 283.16 | OK | |||
r-devel-windows-ix86+x86_64 | 0.2.6 | 233.00 | 272.00 | 505.00 | OK | |
r-patched-linux-x86_64 | 0.2.6 | 72.87 | 129.73 | 202.60 | OK | |
r-patched-solaris-x86 | 0.2.6 | 306.30 | OK | |||
r-release-linux-x86_64 | 0.2.6 | 68.27 | 129.63 | 197.90 | OK | |
r-release-macos-x86_64 | 0.2.6 | OK | ||||
r-release-windows-ix86+x86_64 | 0.2.6 | 235.00 | 210.00 | 445.00 | OK | |
r-oldrel-macos-x86_64 | 0.2.6 | OK | ||||
r-oldrel-windows-ix86+x86_64 | 0.2.6 | 168.00 | 221.00 | 389.00 | OK |
Version: 0.2.6
Check: installed package size
Result: NOTE
installed size is 6.0Mb
sub-directories of 1Mb or more:
libs 5.2Mb
Flavor: r-devel-linux-x86_64-fedora-clang