Last updated on 2020-08-19 01:50:01 CEST.
Flavor | Version | Tinstall | Tcheck | Ttotal | Status | Flags |
---|---|---|---|---|---|---|
r-devel-linux-x86_64-debian-clang | 0.1.4 | 6.69 | 99.69 | 106.38 | OK | |
r-devel-linux-x86_64-debian-gcc | 0.1.4 | 4.77 | 75.03 | 79.80 | OK | |
r-devel-linux-x86_64-fedora-clang | 0.1.4 | 129.88 | OK | |||
r-devel-linux-x86_64-fedora-gcc | 0.1.4 | 121.80 | OK | |||
r-devel-windows-ix86+x86_64 | 0.1.4 | 17.00 | 151.00 | 168.00 | OK | |
r-patched-linux-x86_64 | 0.1.4 | 5.98 | 96.34 | 102.32 | OK | |
r-patched-solaris-x86 | 0.1.4 | 160.80 | WARN | |||
r-release-linux-x86_64 | 0.1.4 | 6.49 | 96.20 | 102.69 | OK | |
r-release-macos-x86_64 | 0.1.4 | OK | ||||
r-release-windows-ix86+x86_64 | 0.1.4 | 20.00 | 114.00 | 134.00 | OK | |
r-oldrel-macos-x86_64 | 0.1.4 | OK | ||||
r-oldrel-windows-ix86+x86_64 | 0.1.4 | 10.00 | 120.00 | 130.00 | OK |
Version: 0.1.4
Check: Rd files
Result: WARN
prepare_Rd: it is not known that wchar_t is Unicode on this platform
Flavor: r-patched-solaris-x86
Version: 0.1.4
Check: for unstated dependencies in examples
Result: WARN
Warning in deparse(ce, width.cutoff = 0.75 * getOption("width")) :
it is not known that wchar_t is Unicode on this platform
Warning in deparse(ce, width.cutoff = 0.75 * getOption("width")) :
it is not known that wchar_t is Unicode on this platform
Flavor: r-patched-solaris-x86