CRAN Package Check Results for Package hash

Last updated on 2020-08-19 01:50:01 CEST.

Flavor Version Tinstall Tcheck Ttotal Status Flags
r-devel-linux-x86_64-debian-clang 2.2.6.1 3.58 26.64 30.22 NOTE
r-devel-linux-x86_64-debian-gcc 2.2.6.1 2.57 21.23 23.80 NOTE
r-devel-linux-x86_64-fedora-clang 2.2.6.1 44.89 NOTE
r-devel-linux-x86_64-fedora-gcc 2.2.6.1 35.51 NOTE
r-devel-windows-ix86+x86_64 2.2.6.1 11.00 53.00 64.00 NOTE
r-patched-linux-x86_64 2.2.6.1 3.22 26.64 29.86 NOTE
r-patched-solaris-x86 2.2.6.1 55.60 NOTE
r-release-linux-x86_64 2.2.6.1 3.10 26.51 29.61 NOTE
r-release-macos-x86_64 2.2.6.1 NOTE
r-release-windows-ix86+x86_64 2.2.6.1 13.00 44.00 57.00 NOTE
r-oldrel-macos-x86_64 2.2.6.1 NOTE
r-oldrel-windows-ix86+x86_64 2.2.6.1 5.00 72.00 77.00 NOTE

Check Details

Version: 2.2.6.1
Check: top-level files
Result: NOTE
    File
     LICENSE
    is not mentioned in the DESCRIPTION file.
    Non-standard file/directory found at top level:
     'dev'
Flavors: r-devel-linux-x86_64-debian-clang, r-devel-linux-x86_64-debian-gcc, r-devel-linux-x86_64-fedora-clang, r-devel-linux-x86_64-fedora-gcc, r-patched-linux-x86_64, r-release-linux-x86_64

Version: 2.2.6.1
Check: top-level files
Result: NOTE
    File
     LICENSE
    is not mentioned in the DESCRIPTION file.
Flavors: r-devel-windows-ix86+x86_64, r-patched-solaris-x86, r-release-macos-x86_64, r-release-windows-ix86+x86_64, r-oldrel-macos-x86_64, r-oldrel-windows-ix86+x86_64