Last updated on 2020-08-19 01:50:01 CEST.
Flavor | Version | Tinstall | Tcheck | Ttotal | Status | Flags |
---|---|---|---|---|---|---|
r-devel-linux-x86_64-debian-clang | 0.0-4 | 37.96 | 22.89 | 60.85 | OK | |
r-devel-linux-x86_64-debian-gcc | 0.0-4 | 27.54 | 18.25 | 45.79 | OK | |
r-devel-linux-x86_64-fedora-clang | 0.0-4 | 90.25 | NOTE | |||
r-devel-linux-x86_64-fedora-gcc | 0.0-4 | 74.54 | NOTE | |||
r-devel-windows-ix86+x86_64 | 0.0-4 | 94.00 | 74.00 | 168.00 | OK | |
r-patched-linux-x86_64 | 0.0-4 | 26.91 | 22.62 | 49.53 | OK | |
r-patched-solaris-x86 | 0.0-4 | 78.00 | OK | |||
r-release-linux-x86_64 | 0.0-4 | 30.45 | 22.65 | 53.10 | OK | |
r-release-macos-x86_64 | 0.0-4 | OK | ||||
r-release-windows-ix86+x86_64 | 0.0-4 | 97.00 | 58.00 | 155.00 | OK | |
r-oldrel-macos-x86_64 | 0.0-4 | OK | ||||
r-oldrel-windows-ix86+x86_64 | 0.0-4 | 69.00 | 68.00 | 137.00 | OK |
Version: 0.0-4
Check: compiled code
Result: NOTE
File ‘hawkes/libs/hawkes.so’:
Found no calls to: ‘R_registerRoutines’, ‘R_useDynamicSymbols’
It is good practice to register native routines and to disable symbol
search.
See ‘Writing portable packages’ in the ‘Writing R Extensions’ manual.
Flavors: r-devel-linux-x86_64-fedora-clang, r-devel-linux-x86_64-fedora-gcc