CRAN Package Check Results for Package hbm

Last updated on 2020-08-19 01:50:01 CEST.

Flavor Version Tinstall Tcheck Ttotal Status Flags
r-devel-linux-x86_64-debian-clang 1.0 6.32 59.35 65.67 NOTE
r-devel-linux-x86_64-debian-gcc 1.0 6.50 45.94 52.44 NOTE
r-devel-linux-x86_64-fedora-clang 1.0 88.24 NOTE
r-devel-linux-x86_64-fedora-gcc 1.0 79.17 NOTE
r-devel-windows-ix86+x86_64 1.0 21.00 91.00 112.00 NOTE
r-patched-linux-x86_64 1.0 8.28 58.26 66.54 NOTE
r-patched-solaris-x86 1.0 120.20 NOTE
r-release-linux-x86_64 1.0 7.52 57.91 65.43 NOTE
r-release-macos-x86_64 1.0 NOTE
r-release-windows-ix86+x86_64 1.0 18.00 67.00 85.00 NOTE
r-oldrel-macos-x86_64 1.0 NOTE
r-oldrel-windows-ix86+x86_64 1.0 12.00 102.00 114.00 NOTE

Check Details

Version: 1.0
Check: R code for possible problems
Result: NOTE
    detect.movement: no visible global function definition for 't.test'
    generate.random.conf: no visible global function definition for 'rnorm'
    Undefined global functions or variables:
     rnorm t.test
    Consider adding
     importFrom("stats", "rnorm", "t.test")
    to your NAMESPACE file.
Flavors: r-devel-linux-x86_64-debian-clang, r-devel-linux-x86_64-debian-gcc, r-devel-linux-x86_64-fedora-clang, r-devel-linux-x86_64-fedora-gcc, r-devel-windows-ix86+x86_64, r-patched-linux-x86_64, r-patched-solaris-x86, r-release-linux-x86_64, r-release-macos-x86_64, r-release-windows-ix86+x86_64, r-oldrel-macos-x86_64, r-oldrel-windows-ix86+x86_64