CRAN Package Check Results for Package helsinki

Last updated on 2020-08-19 01:50:02 CEST.

Flavor Version Tinstall Tcheck Ttotal Status Flags
r-devel-linux-x86_64-debian-clang 0.9.29 4.55 43.37 47.92 OK
r-devel-linux-x86_64-debian-gcc 0.9.29 3.54 34.83 38.37 OK
r-devel-linux-x86_64-fedora-clang 0.9.29 65.57 NOTE
r-devel-linux-x86_64-fedora-gcc 0.9.29 59.62 NOTE
r-devel-windows-ix86+x86_64 0.9.29 25.00 132.00 157.00 OK
r-patched-linux-x86_64 0.9.29 4.31 43.99 48.30 OK
r-patched-solaris-x86 0.9.29 103.00 NOTE
r-release-linux-x86_64 0.9.29 4.06 44.20 48.26 OK
r-release-macos-x86_64 0.9.29 NOTE
r-release-windows-ix86+x86_64 0.9.29 22.00 83.00 105.00 OK
r-oldrel-macos-x86_64 0.9.29 NOTE
r-oldrel-windows-ix86+x86_64 0.9.29 15.00 93.00 108.00 OK

Check Details

Version: 0.9.29
Check: data for non-ASCII characters
Result: NOTE
     Note: found 37185 marked UTF-8 strings
Flavors: r-devel-linux-x86_64-fedora-clang, r-devel-linux-x86_64-fedora-gcc, r-patched-solaris-x86, r-release-macos-x86_64, r-oldrel-macos-x86_64