Last updated on 2020-08-19 01:50:02 CEST.
Flavor | Version | Tinstall | Tcheck | Ttotal | Status | Flags |
---|---|---|---|---|---|---|
r-devel-linux-x86_64-debian-clang | 1.1.2 | 77.91 | 138.82 | 216.73 | OK | --no-vignettes |
r-devel-linux-x86_64-debian-gcc | 1.1.2 | 55.18 | 100.37 | 155.55 | OK | --no-vignettes |
r-devel-linux-x86_64-fedora-clang | 1.1.2 | 276.43 | OK | --no-vignettes | ||
r-devel-linux-x86_64-fedora-gcc | 1.1.2 | 258.77 | OK | --no-vignettes | ||
r-devel-windows-ix86+x86_64 | 1.1.2 | 182.00 | 291.00 | 473.00 | OK | --no-vignettes |
r-patched-linux-x86_64 | 1.1.2 | 56.20 | 136.88 | 193.08 | OK | --no-vignettes |
r-patched-solaris-x86 | 1.1.2 | 295.30 | OK | --no-vignettes | ||
r-release-linux-x86_64 | 1.1.2 | 59.42 | 139.26 | 198.68 | OK | --no-vignettes |
r-release-macos-x86_64 | 1.1.2 | FAIL | ||||
r-release-windows-ix86+x86_64 | 1.1.2 | 178.00 | 196.00 | 374.00 | OK | --no-vignettes |
r-oldrel-macos-x86_64 | 1.1.2 | WARN | ||||
r-oldrel-windows-ix86+x86_64 | 1.1.2 | 134.00 | 267.00 | 401.00 | OK | --no-vignettes |
Version: 1.1.2
Check: re-building of vignette outputs
Result: WARN
Error(s) in re-building vignettes:
...
--- re-building ‘hetGP_vignette.Rnw’ using knitr
Execution halted
Flavor: r-release-macos-x86_64
Version: 1.1.2
Check: PDF version of manual
Result: FAIL
Flavor: r-release-macos-x86_64
Version: 1.1.2
Check: re-building of vignette outputs
Result: WARN
Error(s) in re-building vignettes:
...
--- re-building ‘hetGP_vignette.Rnw’ using knitr
Quitting from lines 434-443 (hetGP_vignette.Rnw)
Error: processing vignette 'hetGP_vignette.Rnw' failed with diagnostics:
invalid 'z' limits
--- failed re-building ‘hetGP_vignette.Rnw’
SUMMARY: processing the following file failed:
‘hetGP_vignette.Rnw’
Error: Vignette re-building failed.
Execution halted
Flavor: r-oldrel-macos-x86_64