Last updated on 2020-08-19 01:50:02 CEST.
Flavor | Version | Tinstall | Tcheck | Ttotal | Status | Flags |
---|---|---|---|---|---|---|
r-devel-linux-x86_64-debian-clang | 1.4.5 | 12.07 | 114.74 | 126.81 | NOTE | |
r-devel-linux-x86_64-debian-gcc | 1.4.5 | 9.96 | 87.73 | 97.69 | NOTE | |
r-devel-linux-x86_64-fedora-clang | 1.4.5 | 159.18 | OK | |||
r-devel-linux-x86_64-fedora-gcc | 1.4.5 | 149.97 | OK | |||
r-devel-windows-ix86+x86_64 | 1.4.5 | 32.00 | 166.00 | 198.00 | OK | |
r-patched-linux-x86_64 | 1.4.5 | 11.54 | 112.20 | 123.74 | NOTE | |
r-patched-solaris-x86 | 1.4.5 | 269.40 | NOTE | |||
r-release-linux-x86_64 | 1.4.5 | 12.45 | 113.63 | 126.08 | NOTE | |
r-release-macos-x86_64 | 1.4.5 | NOTE | ||||
r-release-windows-ix86+x86_64 | 1.4.5 | 32.00 | 119.00 | 151.00 | OK | |
r-oldrel-macos-x86_64 | 1.4.5 | NOTE | ||||
r-oldrel-windows-ix86+x86_64 | 1.4.5 | 21.00 | 128.00 | 149.00 | OK |
Version: 1.4.5
Check: package dependencies
Result: NOTE
Package suggested but not available for checking: 'INLA'
Flavors: r-devel-linux-x86_64-debian-clang, r-devel-linux-x86_64-debian-gcc, r-patched-linux-x86_64, r-patched-solaris-x86, r-release-linux-x86_64, r-release-macos-x86_64, r-oldrel-macos-x86_64