CRAN Package Check Results for Package hilbertSimilarity

Last updated on 2020-08-19 01:50:02 CEST.

Flavor Version Tinstall Tcheck Ttotal Status Flags
r-devel-linux-x86_64-debian-clang 0.4.3 19.60 181.53 201.13 OK
r-devel-linux-x86_64-debian-gcc 0.4.3 13.90 141.01 154.91 OK
r-devel-linux-x86_64-fedora-clang 0.4.3 267.72 OK
r-devel-linux-x86_64-fedora-gcc 0.4.3 244.80 OK
r-devel-windows-ix86+x86_64 0.4.3 52.00 256.00 308.00 OK
r-patched-linux-x86_64 0.4.3 13.23 180.64 193.87 OK
r-patched-solaris-x86 0.4.3 269.20 WARN
r-release-linux-x86_64 0.4.3 14.07 180.50 194.57 OK
r-release-macos-x86_64 0.4.3 OK
r-release-windows-ix86+x86_64 0.4.3 49.00 203.00 252.00 OK
r-oldrel-macos-x86_64 0.4.3 OK
r-oldrel-windows-ix86+x86_64 0.4.3 38.00 271.00 309.00 OK

Check Details

Version: 0.4.3
Check: whether package can be installed
Result: WARN
    Found the following significant warnings:
     mapping.cpp:95:58: warning: ISO C++ says that these are ambiguous, even though the worst conversion for the first is better than the worst conversion for the second:
Flavor: r-patched-solaris-x86