Last updated on 2020-08-19 01:50:02 CEST.
Flavor | Version | Tinstall | Tcheck | Ttotal | Status | Flags |
---|---|---|---|---|---|---|
r-devel-linux-x86_64-debian-clang | 1.1.1 | 186.06 | 32.04 | 218.10 | NOTE | |
r-devel-linux-x86_64-debian-gcc | 1.1.1 | 169.43 | 25.10 | 194.53 | NOTE | |
r-devel-linux-x86_64-fedora-clang | 1.1.1 | 309.07 | NOTE | |||
r-devel-linux-x86_64-fedora-gcc | 1.1.1 | 323.62 | NOTE | |||
r-devel-windows-ix86+x86_64 | 1.1.1 | 447.00 | 97.00 | 544.00 | NOTE | |
r-patched-linux-x86_64 | 1.1.1 | 211.56 | 31.64 | 243.20 | NOTE | |
r-patched-solaris-x86 | 1.1.1 | 251.60 | NOTE | |||
r-release-linux-x86_64 | 1.1.1 | 215.35 | 31.83 | 247.18 | NOTE | |
r-release-macos-x86_64 | 1.1.1 | NOTE | ||||
r-release-windows-ix86+x86_64 | 1.1.1 | 434.00 | 66.00 | 500.00 | NOTE | |
r-oldrel-macos-x86_64 | 1.1.1 | NOTE | ||||
r-oldrel-windows-ix86+x86_64 | 1.1.1 | 311.00 | 96.00 | 407.00 | NOTE |
Version: 1.1.1
Check: for GNU extensions in Makefiles
Result: NOTE
GNU make is a SystemRequirements.
Flavors: r-devel-linux-x86_64-debian-clang, r-devel-linux-x86_64-debian-gcc, r-devel-linux-x86_64-fedora-clang, r-devel-linux-x86_64-fedora-gcc, r-devel-windows-ix86+x86_64, r-patched-linux-x86_64, r-patched-solaris-x86, r-release-linux-x86_64, r-release-macos-x86_64, r-release-windows-ix86+x86_64, r-oldrel-macos-x86_64, r-oldrel-windows-ix86+x86_64
Version: 1.1.1
Check: installed package size
Result: NOTE
installed size is 16.5Mb
sub-directories of 1Mb or more:
libs 16.2Mb
Flavors: r-devel-linux-x86_64-fedora-clang, r-release-macos-x86_64, r-oldrel-macos-x86_64