CRAN Package Check Results for Package hsdar

Last updated on 2020-08-19 01:50:02 CEST.

Flavor Version Tinstall Tcheck Ttotal Status Flags
r-devel-linux-x86_64-debian-clang 1.0.3 60.45 323.42 383.87 OK
r-devel-linux-x86_64-debian-gcc 1.0.3 48.15 237.34 285.49 OK
r-devel-linux-x86_64-fedora-clang 1.0.3 468.18 NOTE
r-devel-linux-x86_64-fedora-gcc 1.0.3 459.84 OK
r-devel-windows-ix86+x86_64 1.0.3 148.00 496.00 644.00 NOTE
r-patched-linux-x86_64 1.0.3 60.59 312.41 373.00 OK
r-patched-solaris-x86 1.0.3 613.50 NOTE
r-release-linux-x86_64 1.0.3 59.03 313.90 372.93 OK
r-release-macos-x86_64 1.0.3 NOTE
r-release-windows-ix86+x86_64 1.0.3 157.00 433.00 590.00 NOTE
r-oldrel-macos-x86_64 1.0.3 NOTE
r-oldrel-windows-ix86+x86_64 1.0.3 124.00 414.00 538.00 NOTE

Check Details

Version: 1.0.3
Check: installed package size
Result: NOTE
     installed size is 6.0Mb
     sub-directories of 1Mb or more:
     R 1.8Mb
     doc 2.5Mb
Flavors: r-devel-linux-x86_64-fedora-clang, r-devel-windows-ix86+x86_64, r-patched-solaris-x86, r-release-macos-x86_64, r-release-windows-ix86+x86_64, r-oldrel-macos-x86_64, r-oldrel-windows-ix86+x86_64