CRAN Package Check Results for Package httpRequest

Last updated on 2020-08-19 01:50:02 CEST.

Flavor Version Tinstall Tcheck Ttotal Status Flags
r-devel-linux-x86_64-debian-clang 0.0.10 1.97 18.25 20.22 NOTE
r-devel-linux-x86_64-debian-gcc 0.0.10 1.54 14.54 16.08 NOTE
r-devel-linux-x86_64-fedora-clang 0.0.10 33.21 NOTE
r-devel-linux-x86_64-fedora-gcc 0.0.10 23.71 NOTE
r-devel-windows-ix86+x86_64 0.0.10 8.00 33.00 41.00 NOTE
r-patched-linux-x86_64 0.0.10 1.65 18.14 19.79 NOTE
r-patched-solaris-x86 0.0.10 37.40 NOTE
r-release-linux-x86_64 0.0.10 2.05 18.44 20.49 NOTE
r-release-macos-x86_64 0.0.10 NOTE
r-release-windows-ix86+x86_64 0.0.10 5.00 30.00 35.00 NOTE
r-oldrel-macos-x86_64 0.0.10 NOTE
r-oldrel-windows-ix86+x86_64 0.0.10 4.00 37.00 41.00 NOTE

Check Details

Version: 0.0.10
Check: R code for possible problems
Result: NOTE
    getToHost: no visible global function definition for 'make.socket'
    getToHost: no visible global function definition for 'write.socket'
    getToHost: no visible global function definition for 'read.socket'
    getToHost: no visible global function definition for 'close.socket'
    postToHost: no visible global function definition for 'runif'
    simplePostToHost: no visible global function definition for
     'make.socket'
    simplePostToHost: no visible global function definition for
     'write.socket'
    simplePostToHost: no visible global function definition for
     'read.socket'
    simplePostToHost: no visible global function definition for
     'close.socket'
    Undefined global functions or variables:
     close.socket make.socket read.socket runif write.socket
    Consider adding
     importFrom("stats", "runif")
     importFrom("utils", "close.socket", "make.socket", "read.socket",
     "write.socket")
    to your NAMESPACE file.
Flavors: r-devel-linux-x86_64-debian-clang, r-devel-linux-x86_64-debian-gcc, r-devel-linux-x86_64-fedora-clang, r-devel-linux-x86_64-fedora-gcc, r-devel-windows-ix86+x86_64, r-patched-linux-x86_64, r-patched-solaris-x86, r-release-linux-x86_64, r-release-macos-x86_64, r-release-windows-ix86+x86_64, r-oldrel-macos-x86_64, r-oldrel-windows-ix86+x86_64