Last updated on 2020-08-19 01:50:03 CEST.
Flavor | Version | Tinstall | Tcheck | Ttotal | Status | Flags |
---|---|---|---|---|---|---|
r-devel-linux-x86_64-debian-clang | 1.5.5 | 41.43 | 182.85 | 224.28 | OK | |
r-devel-linux-x86_64-debian-gcc | 1.5.5 | 32.29 | 136.13 | 168.42 | OK | |
r-devel-linux-x86_64-fedora-clang | 1.5.5 | 284.07 | NOTE | |||
r-devel-linux-x86_64-fedora-gcc | 1.5.5 | 281.68 | OK | |||
r-devel-windows-ix86+x86_64 | 1.5.5 | 129.00 | 282.00 | 411.00 | OK | |
r-patched-linux-x86_64 | 1.5.5 | 28.59 | 176.94 | 205.53 | OK | |
r-patched-solaris-x86 | 1.5.5 | 369.90 | OK | |||
r-release-linux-x86_64 | 1.5.5 | 28.08 | 176.42 | 204.50 | OK | |
r-release-macos-x86_64 | 1.5.5 | OK | ||||
r-release-windows-ix86+x86_64 | 1.5.5 | 114.00 | 268.00 | 382.00 | OK | |
r-oldrel-macos-x86_64 | 1.5.5 | OK | ||||
r-oldrel-windows-ix86+x86_64 | 1.5.5 | 72.00 | 289.00 | 361.00 | OK |
Version: 1.5.5
Check: package dependencies
Result: NOTE
Imports includes 24 non-default packages.
Importing from so many packages makes the package vulnerable to any of
them becoming unavailable. Move as many as possible to Suggests and
use conditionally.
Flavor: r-devel-linux-x86_64-fedora-clang