CRAN Package Check Results for Package iClick

Last updated on 2020-08-19 01:50:03 CEST.

Flavor Version Tinstall Tcheck Ttotal Status Flags
r-devel-linux-x86_64-debian-clang 1.5 13.09 96.13 109.22 OK
r-devel-linux-x86_64-debian-gcc 1.5 11.70 75.01 86.71 OK
r-devel-linux-x86_64-fedora-clang 1.5 151.43 OK
r-devel-linux-x86_64-fedora-gcc 1.5 142.10 OK
r-devel-windows-ix86+x86_64 1.5 40.00 110.00 150.00 OK
r-patched-linux-x86_64 1.5 10.40 95.67 106.07 OK
r-patched-solaris-x86 1.5 202.60 OK
r-release-linux-x86_64 1.5 10.37 95.32 105.69 OK
r-release-macos-x86_64 1.5 OK
r-release-windows-ix86+x86_64 1.5 36.00 99.00 135.00 OK
r-oldrel-macos-x86_64 1.5 ERROR
r-oldrel-windows-ix86+x86_64 1.5 21.00 173.00 194.00 OK

Check Details

Version: 1.5
Check: examples
Result: ERROR
    Running examples in ‘iClick-Ex.R’ failed
    The error most likely occurred in:
    
    > ### Name: iClick.ARIMA
    > ### Title: iClick GUI for ARIMA
    > ### Aliases: iClick.ARIMA
    >
    > ### ** Examples
    >
    >
    > ##External data
    > data("world20")
    > y=na.omit(diff(log(world20[,1])))
    >
    > ## Simulation data
    > #dat=rnorm(200,5,1)
    > #y=ts(dat, start = c(1970, 1), frequency = 12)
    >
    > iClick.ARIMA(y)
    Error in structure(.External(.C_dotTclObjv, objv), class = "tclObj") :
     [tcl] invalid command name "toplevel".
    Calls: iClick.ARIMA ... tktoplevel -> tkwidget -> tcl -> .Tcl.objv -> structure
    Execution halted
Flavor: r-oldrel-macos-x86_64